n factor of 1403 and 253.
23
Calculate the highest common divisor of 6 and 2598.
6
Calculate the greatest common factor of 2327 and 39.
13
Calculate the highest common factor of 3806 and 286.
22
Calculate the greatest common factor of 224 and 196.
28
What is the greatest common divisor of 4152 and 12?
12
What is the highest common factor of 18 and 207?
9
Calculate the highest common divisor of 54 and 27.
27
Calculate the greatest common divisor of 400 and 6900.
100
What is the highest common divisor of 1000 and 2200?
200
Calculate the highest common divisor of 90 and 390.
30
What is the highest common divisor of 114 and 2470?
38
Calculate the highest common factor of 20 and 25.
5
What is the greatest common divisor of 21 and 525?
21
Calculate the greatest common divisor of 1273 and 152.
19
Calculate the highest common factor of 242 and 11.
11
Calculate the greatest common divisor of 460 and 85.
5
Calculate the greatest common factor of 91 and 7.
7
What is the highest common factor of 2068 and 2444?
188
What is the highest common divisor of 128 and 16?
16
What is the greatest common divisor of 1081 and 23?
23
Calculate the greatest common factor of 494 and 312.
26
Calculate the highest common factor of 273 and 189.
21
Calculate the greatest common divisor of 1794 and 46.
46
What is the greatest common factor of 143 and 506?
11
What is the greatest common divisor of 24 and 13164?
12
What is the highest common factor of 10 and 310?
10
What is the greatest common divisor of 15442 and 14?
14
Calculate the highest common factor of 115 and 23.
23
What is the greatest common divisor of 38 and 38?
38
What is the greatest common divisor of 52590 and 30?
30
What is the highest common divisor of 10 and 16?
2
Calculate the greatest common factor of 90 and 2670.
30
Calculate the highest common factor of 5025 and 25.
25
Calculate the greatest common divisor of 3492 and 18.
18
Calculate the highest common divisor of 130 and 455.
65
Calculate the highest common factor of 80 and 5.
5
Calculate the greatest common factor of 57 and 3.
3
Calculate the greatest common divisor of 656 and 205.
41
Calculate the greatest common factor of 1536 and 3.
3
What is the greatest common divisor of 3430 and 20?
10
What is the greatest common factor of 108 and 864?
108
Calculate the highest common factor of 540 and 200.
20
What is the greatest common factor of 36 and 624?
12
What is the highest common divisor of 962 and 26?
26
What is the highest common factor of 44 and 517?
11
What is the greatest common factor of 56 and 103?
1
Calculate the highest common divisor of 48 and 23216.
16
Calculate the greatest common divisor of 231 and 63.
21
What is the greatest common factor of 60 and 2124?
12
Calculate the greatest common divisor of 341 and 93.
31
What is the greatest common factor of 53361 and 121?
121
Calculate the greatest common factor of 222 and 30.
6
What is the highest common divisor of 105 and 20055?
105
Calculate the highest common factor of 42648 and 24.
24
Calculate the greatest common divisor of 480 and 10720.
160
Calculate the greatest common factor of 238 and 112.
14
What is the greatest common factor of 112 and 736?
16
What is the highest common divisor of 1030 and 2678?
206
What is the greatest common factor of 2210 and 260?
130
Calculate the greatest common divisor of 276 and 96.
12
What is the highest common factor of 825 and 132?
33
What is the greatest common factor of 26 and 4966?
26
What is the greatest common factor of 405 and 324?
81
What is the highest common factor of 84 and 108?
12
Calculate the greatest common factor of 392 and 539.
49
What is the greatest common divisor of 378 and 462?
42
Calculate the greatest common divisor of 938 and 4.
2
What is the highest common factor of 6858 and 54?
54
Calculate the highest common divisor of 7600 and 160.
80
What is the highest common divisor of 182 and 98?
14
Calculate the greatest common factor of 20 and 4.
4
What is the greatest common divisor of 42 and 84?
42
Calculate the greatest common divisor of 333 and 297.
9
Calculate the greatest common factor of 796 and 22.
2
What is the greatest common divisor of 70 and 630?
70
What is the greatest common divisor of 1280 and 40?
40
Calculate the greatest common divisor of 1197 and 87.
3
Calculate the greatest common factor of 9395 and 5.
5
What is the highest common divisor of 35 and 21?
7
Calculate the greatest common factor of 492 and 8.
4
Calculate the greatest common factor of 28 and 14.
14
What is the greatest common factor of 54 and 432?
54
Calculate the greatest common divisor of 42 and 33446.
14
What is the highest common factor of 3601 and 104?
13
What is the greatest common divisor of 129 and 9?
3
What is the greatest common divisor of 18 and 522?
18
Calculate the highest common factor of 399 and 189.
21
Calculate the greatest common factor of 702 and 108.
54
What is the greatest common divisor of 93 and 31?
31
Calculate the highest common factor of 192 and 4.
4
Calculate the greatest common divisor of 1369 and 37.
37
Calculate the highest common factor of 224 and 126.
14
Calculate the greatest common factor of 21 and 35.
7
Calculate the greatest common factor of 152 and 6232.
152
What is the highest common factor of 378 and 98?
14
What is the greatest common divisor of 70 and 14?
14
What is the highest common factor of 6 and 8?
2
Calculate the highest common divisor of 11234 and 123.
41
Calculate the greatest common factor of 25 and 160.
5
What is the greatest common divisor of 2133 and 513?
27
Calculate the highest common factor of 380 and 95.
95
Calculate the greatest common divisor of 109 and 18857.
109
Calculate the greatest common divisor of 64 and 144.
16
Calculate the highest common divisor of 6 and 6418.
2
What is the greatest common factor of 75 and 465?
15
Calculate the greatest common factor of 512 and 72.
8
What is the greatest common divisor of 2265 and 1208?
151
Calculate the highest common factor of 132 and 176.
44
What is the highest common divisor of 12372 and 48?
12
What is the highest common factor of 1666 and 85?
17
What is the greatest common divisor of 596 and 11771?
149
Calculate the highest common divisor of 36 and 3312.
36
Calculate the greatest common divisor of 51 and 1360.
17
Calculate the greatest common factor of 434 and 2914.
62
Calculate the greatest common factor of 930 and 60.
30
What is the highest common factor of 22 and 242?
22
Calculate the highest common factor of 5 and 395.
5
What is the highest common factor of 42 and 126?
42
Calculate the highest common factor of 1245 and 2822.
83
What is the greatest common divisor of 52 and 34996?
52
What is the highest common factor of 126 and 72?
18
What is the greatest common factor of 58 and 87?
29
What is the greatest common factor of 111 and 69?
3
What is the highest common factor of 39 and 143?
13
What is the greatest common factor of 272 and 16?
16
What is the highest common divisor of 133 and 475?
19
Calculate the greatest common factor of 12 and 52.
4
Calculate the highest common divisor of 44 and 5786.
22
What is the greatest common factor of 424 and 80?
8
What is the highest common divisor of 85 and 6715?
85
What is the greatest common factor of 99 and 28?
1
Calculate the greatest common factor of 9 and 9.
9
Calculate the greatest common factor of 152 and 64.
8
Calculate the highest common divisor of 14 and 2226.
14
Calculate the greatest common factor of 28 and 6.
2
What is the greatest common divisor of 2 and 16?
2
What is the highest common divisor of 1032 and 1161?
129
What is the greatest common divisor of 110 and 400?
10
What is the greatest common divisor of 7280 and 546?
182
Calculate the highest common factor of 11 and 55.
11
Calculate the highest common factor of 432 and 6768.
144
Calculate the greatest common factor of 288 and 64.
32
What is the highest common divisor of 23 and 368?
23
Calculate the highest common divisor of 676 and 156.
52
Calculate the highest common factor of 52724 and 196.
196
Calculate the highest common divisor of 19 and 608.
19
Calculate the greatest common divisor of 211 and 88831.
211
What is the greatest common factor of 329 and 7?
7
Calculate the highest common factor of 58643 and 347.
347
Calculate the greatest common d